{"id":185,"date":"2019-01-18T12:40:05","date_gmt":"2019-01-18T11:40:05","guid":{"rendered":"http:\/\/word.olipitz.com\/?page_id=185"},"modified":"2019-01-20T18:20:16","modified_gmt":"2019-01-20T17:20:16","slug":"links-und-kooperationen","status":"publish","type":"page","link":"https:\/\/www.olipitz.com\/?page_id=185","title":{"rendered":"Links \/ Kooperationen"},"content":{"rendered":"<p><strong><span style=\"color: #000000;\">Bauindustrie:\u00a0<\/span><\/strong><\/p>\n<p><a href=\"http:\/\/www.haslinger.co.at\/\" target=\"_blank\" rel=\"noopener\">Haslinger Stahlbau GmbH<br \/>\n<\/a><br \/>\n<a href=\"http:\/\/www.oberndorfer.at\/\" target=\"_blank\" rel=\"noopener\">Franz Oberndorfer GmbH &amp; Co KG (Forschungspartner)\u00a0<\/a><\/p>\n<p><a href=\"http:\/\/www.nca.co.at\/\" target=\"_blank\" rel=\"noopener\">NCA Container- und Anlagenbau Gesellschaft m.b.H.<br \/>\n<\/a><br \/>\n<a href=\"http:\/\/www.zeman-stahl.com\/\" target=\"_blank\" rel=\"noopener\">Zeman &amp; Co Gesellschaft mbH (Forschungspartner)<\/a><\/p>\n<p><a href=\"http:\/\/www.porr.at\/\" target=\"_blank\" rel=\"noopener\"><span style=\"color: #000000;\">PORR AG<\/span><\/a><\/p>\n<p><a href=\"http:\/\/de.sw-umwelttechnik.com\/index.php\" target=\"_blank\" rel=\"noopener\">SW-Umwelttechnik Stoiser &amp; Wolschner AG (Forschungspartner)<\/a><\/p>\n<p><a href=\"http:\/\/www.ungersteel.com\/\" target=\"_blank\" rel=\"noopener\">Unger Stahlbau GmbH<\/a><\/p>\n<p><a href=\"http:\/\/www.wacker-ingenieure.de\/\" target=\"_blank\" rel=\"noopener\"><span class=\"c0\">Wacker Ingenieure &#8211; Wind Engineering<\/span><\/a><\/p>\n<p><a href=\"http:\/\/www.pfeifer-austria.at\/\" target=\"_blank\" rel=\"noopener\">Pfeifer Holding GmbH &amp; Co. KG<\/a><\/p>\n<p><a href=\"http:\/\/www.f-pile.at\/\" target=\"_blank\" rel=\"noopener\">f-pile GmbH\u00a0<\/a><\/p>\n<p><a href=\"http:\/\/www.steinerbau.at\/\" target=\"_blank\" rel=\"noopener\">Steiner-Bau GesmbH<\/a><\/p>\n<p>&nbsp;<\/p>\n<p><strong>IT-Experten:<\/strong><\/p>\n<p>Andreas Wieser\u00a0<strong><br \/>\n<\/strong><br \/>\n<a href=\"http:\/\/www.biconcepts.at\/\" target=\"_blank\" rel=\"noopener\">BIConcepts IT Consulting GmbH<\/a><\/p>\n<p><a href=\"http:\/\/www.ecoenergy.at\" target=\"_blank\" rel=\"noopener\">Ecoenergy GmbH<\/a><\/p>\n<p><a href=\"https:\/\/www.3d-create.at\/\" target=\"_blank\" rel=\"noopener\">3Dcreate<\/a><\/p>\n<p>&nbsp;<\/p>\n<p><strong>Immobilienentwickler:<\/strong><\/p>\n<p><a href=\"http:\/\/www.ubm.at\/\" target=\"_blank\" rel=\"noopener\">UBM Development AG<\/a><\/p>\n<p><a href=\"http:\/\/www.warimpex.at\/\" target=\"_blank\" rel=\"noopener\">Warimpex Finanz- und Beteiligungs AG<\/a><\/p>\n<p>&nbsp;<\/p>\n<p><span style=\"color: #000000;\"><strong>Ingenieurkammer in \u00d6sterreich,<br \/>\nInternationale und nationale Vereinigungen im Bauwesen,<br \/>\nUniversit\u00e4re Einrichtungen und Forschungsst\u00e4tten:<\/strong><\/span><\/p>\n<p><span style=\"color: #000000;\"><span style=\"color: #333333;\"><a href=\"http:\/\/www.aikammer.org\/\" target=\"_blank\" rel=\"noopener\">Arch+Ing (Kammer\u00a0der Architekten und Ingenieurskonsulenten f\u00fcr Steiermark und K\u00e4rnten)<\/a><\/span><\/span><\/p>\n<p><span style=\"color: #000000;\"><span style=\"color: #333333;\"><a href=\"http:\/\/www.iabse.org\/\" target=\"_blank\" rel=\"noopener\">IABSE (International Association for Bridge and Structural Engineering)<\/a><\/span><\/span><\/p>\n<p><a href=\"http:\/\/iht.tuwien.ac.at\/\" target=\"_blank\" rel=\"noopener\">Institut f\u00fcr Hochbau und Technologie\u00a0(TU Wien)<\/a><\/p>\n<p><a href=\"http:\/\/www.betonbau.tuwien.ac.at\/news\/\" target=\"_blank\" rel=\"noopener\">Institut f\u00fcr Tragkonstruktionen, Forschungsbereich f\u00fcr Stahlbeton- und Massivbau (TU Wien)<\/a>\u00a0<a href=\"http:\/\/iht.tuwien.ac.at\/\"><br \/>\n<\/a><\/p>\n<p><a href=\"http:\/\/www.ite.tugraz.at\/\" target=\"_blank\" rel=\"noopener\">Institut f\u00fcr Tragwerksentwurf (TU Graz<\/a>)<\/p>\n<p><a href=\"https:\/\/www.tugraz.at\/institute\/ihb\/institut\/ag-hochbau-bauphysik\/\" target=\"_blank\" rel=\"noopener\">Institut f\u00fcr Hochbau, Arbeitsgruppe Hochbau und Bauphysik (TU Graz)<\/a><\/p>\n<p><a href=\"http:\/\/www.concrete-austria.com\/\" target=\"_blank\" rel=\"noopener\">\u00d6VBB (\u00d6sterreichische Vereinigung f\u00fcr Beton- und Bautechnik)<\/a><\/p>\n<p><a href=\"http:\/\/www.tvfa.at\/home\/tuev-austria-tvfa\/\" target=\"_blank\" rel=\"noopener\">TVFA (TU Wien)<\/a><\/p>\n<p><a href=\"http:\/\/www.joanneum.at\/digital\/forschungsbereiche\/imsr.html\" target=\"_blank\" rel=\"noopener\">Joanneum Research, Forschungsbereich Industrielle Messtechnik, Sensorik und Robotik<\/a><\/p>\n<p><a href=\"https:\/\/www.joanneum.at\/materials\" target=\"_blank\" rel=\"noopener\">Joanneum Research\u00a0Materials, Forschungsgesellschaft mbH Materials,\u00a0Institut f\u00fcr Oberfl\u00e4chentechnolgien und Photonik<\/a><\/p>\n<p><a href=\"https:\/\/www.tugraz.at\/institute\/iwb\/home\/\" target=\"_blank\" rel=\"noopener\">Institut f\u00fcr Wasserbau (TU Graz)<\/a><br \/>\n<a href=\"https:\/\/www.tugraz.at\/institute\/lki\/institut\/leitbild\/\" target=\"_blank\" rel=\"noopener\"><br \/>\nLabor f\u00fcr Konstruktiven Ingenieurbau<br \/>\n<\/a><\/p>\n<p><a href=\"http:\/\/www.dmrs.or.at\" target=\"_blank\" rel=\"noopener\">Disaster Management Research Society (DMRS) &#8211; Forschungsgesellschaft f\u00fcr Krisen- und Katastrophenmanagement<\/a><\/p>\n<p><strong><span style=\"color: #000000;\">F\u00fcr den Inhalt der verlinkten Seiten sind ausschlie\u00dflich deren Betreiber verantwortlich!<\/span><\/strong><\/p>","protected":false},"excerpt":{"rendered":"<p>Bauindustrie:\u00a0 Haslinger Stahlbau GmbH Franz Oberndorfer GmbH &amp; Co KG (Forschungspartner)\u00a0 NCA Container- und Anlagenbau Gesellschaft m.b.H. Zeman &amp; Co Gesellschaft mbH (Forschungspartner) PORR AG SW-Umwelttechnik Stoiser &amp; Wolschner AG (Forschungspartner) Unger Stahlbau GmbH Wacker Ingenieure &#8211; Wind Engineering Pfeifer Holding GmbH &amp; Co. KG f-pile GmbH\u00a0 Steiner-Bau GesmbH &nbsp; IT-Experten: Andreas Wieser\u00a0 BIConcepts IT &hellip; <\/p>\n<p class=\"link-more\"><a href=\"https:\/\/www.olipitz.com\/?page_id=185\" class=\"more-link\"><span class=\"screen-reader-text\">\u201eLinks \/ Kooperationen\u201c <\/span>weiterlesen<\/a><\/p>\n","protected":false},"author":1,"featured_media":0,"parent":0,"menu_order":0,"comment_status":"closed","ping_status":"closed","template":"","meta":{"footnotes":""},"class_list":["post-185","page","type-page","status-publish","hentry"],"_links":{"self":[{"href":"https:\/\/www.olipitz.com\/index.php?rest_route=\/wp\/v2\/pages\/185","targetHints":{"allow":["GET"]}}],"collection":[{"href":"https:\/\/www.olipitz.com\/index.php?rest_route=\/wp\/v2\/pages"}],"about":[{"href":"https:\/\/www.olipitz.com\/index.php?rest_route=\/wp\/v2\/types\/page"}],"author":[{"embeddable":true,"href":"https:\/\/www.olipitz.com\/index.php?rest_route=\/wp\/v2\/users\/1"}],"replies":[{"embeddable":true,"href":"https:\/\/www.olipitz.com\/index.php?rest_route=%2Fwp%2Fv2%2Fcomments&post=185"}],"version-history":[{"count":21,"href":"https:\/\/www.olipitz.com\/index.php?rest_route=\/wp\/v2\/pages\/185\/revisions"}],"predecessor-version":[{"id":788,"href":"https:\/\/www.olipitz.com\/index.php?rest_route=\/wp\/v2\/pages\/185\/revisions\/788"}],"wp:attachment":[{"href":"https:\/\/www.olipitz.com\/index.php?rest_route=%2Fwp%2Fv2%2Fmedia&parent=185"}],"curies":[{"name":"wp","href":"https:\/\/api.w.org\/{rel}","templated":true}]}}